0 + j - j**2 - 5/6*j**3. Let b be v(-3). Calculate the highest common divisor of 17 and b.
17
Suppose 5*d - 3*u = 431, -d + 188 = d + 4*u. Calculate the greatest common divisor of 11 and d.
11
Suppose -224 = -5*s + 196. Suppose 4*n = n + s. What is the greatest common factor of n and 56?
28
Suppose -3*h + 44 = -c, 2*h - 2*c - 53 + 17 = 0. Let g = -6 - -6. Suppose g*v + 13 = v. What is the highest common factor of h and v?
13
Let d be (4*(-14)/(-12))/((-3)/(-117)). What is the greatest common divisor of d and 7?
7
Let v(k) = 3*k**2 - 82*k - 54. Let o be v(28). Let i = 1 - 1. Let j = 3 + i. What is the highest common divisor of o and j?
1
Let b = -84 - -93. Calculate the greatest common factor of b and 6.
3
Let p(g) = -6*g - 10. Suppose -3*k - 16 = 17. Let a be p(k). Let r = 18 - 10. What is the highest common factor of r and a?
8
Suppose 0*s = 5*s. Suppose -j + 125 + 43 = s. What is the greatest common divisor of 21 and j?
21
Let u = -42 - -67. Calculate the highest common divisor of u and 10.
5
Suppose -13 = -t - 3*i + 3, 2*i = -t + 12. Suppose -s = -3*s + t. Suppose -5*n - 5*r - 7 = -2, -n = -4*r - 24. Calculate the greatest common divisor of s and n.
2
Let h(t) = t**2 + 4*t + 1. Let r(j) = -2*j + 1. Let o be r(3). Let m be h(o). What is the greatest common factor of 24 and m?
6
Let n(f) = -3*f**3 - 3*f - 2. Suppose -k = -3*k - 4. Let a be n(k). Suppose -5*o - 2 = -22, a = 4*z + 4*o. Calculate the greatest common factor of 27 and z.
3
Let l(x) = x**2 + 2*x + 2. Let c be l(-4). Let m be (-560)/12*-3*(-3)/(-6). What is the highest common factor of c and m?
10
Suppose -q - q = -4. Suppose 3*o - 68 = -c, 3*o + 4*c = 2*c + 73. Let w be (o/9)/(q/42). Calculate the highest common factor of 7 and w.
7
Let z = -90 - -92. Let p be ((-2)/6)/(2/(-60)). What is the highest common divisor of z and p?
2
Let c(n) = -5*n**2 - n. Let y be c(1). Let u(z) = z**3 + 4*z**2 + 4. Let r be u(-3). Let j = r + y. Calculate the highest common divisor of j and 1.
1
Let o(t) = t**3 + 4. Let f be o(0). Suppose -f*l + 10 + 10 = 4*k, -3*l - 5*k = -19. Calculate the greatest common factor of l and 9.
3
Let g = -16 + 9. Let n = -6 - g. Calculate the highest common divisor of n and 7.
1
Let b(q) = -q + 21. Let w be b(16). Calculate the highest common factor of w and 2.
1
Suppose -11*h + 126 + 248 = 0. Calculate the highest common divisor of 85 and h.
17
Suppose -2*f + 3*s = -3*f - 22, -4*f - 5*s - 60 = 0. Let z = -5 - f. Suppose 5*h - 4*h + 5 = -3*n, n = z*h - 23. What is the highest common factor of 20 and h?
4
Suppose 3*h - 4*h + 17 = 0. What is the greatest common divisor of 136 and h?
17
Suppose -7 = -5*j - 3*n, 0*j - j + 2*n = -4. Suppose 2*a - j*q + 80 = 0, -4*q + 3 = -q. Let d = -17 - a. What is the greatest common divisor of d and 33?
11
Suppose -1 = 3*c - 3*b - 7, 5*c - 1 = 2*b. Let x = 0 - c. Let w be 0 + 0 - x - -10. What is the greatest common divisor of 36 and w?
9
Let c(d) be the third derivative of d**6/120 - 3*d**5/20 + 11*d**4/24 - d**3 - 7*d**2. Let u be c(8). What is the highest common factor of 36 and u?
18
Suppose -3*z + 17 + 73 = 0. What is the greatest common divisor of z and 75?
15
Suppose -4*s + 4*z - 3*z + 59 = 0, 4*z - 100 = -5*s. Calculate the highest common divisor of s and 144.
16
Let c(a) = a + 51. Let w be c(0). Suppose 0*s = 6*s - 204. Calculate the highest common factor of w and s.
17
Suppose -23 = -4*n + 13. Calculate the highest common factor of 3 and n.
3
Let o = -3 + 6. Let y be (-14)/(-3)*3/2. Let i(s) = -s + 8. Let r be i(y). Calculate the greatest common factor of o and r.
1
Let d = 467 - 222. What is the greatest common divisor of 49 and d?
49
Let x = -2 - -3. Let u(l) = -10*l**2 + l. Let c be u(x). Let y be 1*-2*c/6. Calculate the greatest common factor of y and 21.
3
Suppose -2*h + 11 = a - 1, 0 = -5*h + 5*a + 30. Suppose 3*c + 3*l - 36 = 0, c - 2*l + h - 27 = 0. What is the greatest common divisor of c and 135?
15
Suppose 7*d = 27 + 50. Let x = -37 + 59. What is the highest common divisor of x and d?
11
Suppose -f - 26 = -3*f + 2*l, -2*l - 8 = 0. Let y be (-3)/f - 181/(-3). What is the highest common factor of y and 12?
12
Let o = 226 + -122. Calculate the highest common divisor of 26 and o.
26
Suppose -2*j + 4*b - 16 = 0, 3*b - 7 = -1. Let a be (-40)/(-5)*(-22)/j. Calculate the greatest common divisor of a and 4.
4
Let y(a) = 2*a - 3*a - 1 - a**3 + 10 - 9*a**2. Let m be y(-9). Let f(p) = 5*p**2 + p - 3. Let u be f(3). Calculate the highest common factor of m and u.
9
Let l be 56 - (1 - (-1)/(-1)). Let p be (21/(-6))/((-2)/l). Calculate the highest common factor of p and 14.
14
Let y(k) = -10*k - 84. Let r be y(-9). What is the greatest common divisor of r and 12?
6
Suppose -2*t + 4*p + 52 = 0, 0 - 1 = -t - 3*p. Let m be ((-42)/35)/(6/(-200)). Calculate the greatest common factor of m and t.
8
Suppose -2*o - 5 = -1. Let v be ((-7)/((-21)/(-18)))/o. Suppose 4*l = 5*f - 30, 0 = v*f - 4*f + 5*l + 6. Calculate the greatest common factor of 66 and f.
6
Let v(r) = -r**2 - 11*r - 17. Let y be v(-9). What is the greatest common factor of 3 and y?
1
Suppose -6*y = -2*y. Suppose 5 = -n, -a - 5*n = -y*n + 16. What is the greatest common factor of 18 and a?
9
Let y = -1 + 2. Let q be -15*((-8)/6 + y). Calculate the highest common divisor of 35 and q.
5
Suppose 2*o = -0*o - 10. Let a = o - -12. Calculate the highest common divisor of 56 and a.
7
Let j be 103/(-4) - (-2)/(-8). Let l = j + 65. Calculate the greatest common divisor of l and 26.
13
Let v be (-24)/16*(1 - 7). Calculate the highest common divisor of 81 and v.
9
Let g = -9 + 9. Suppose -v = c - 23 - 24, g = 3*c - 4*v - 155. Calculate the greatest common divisor of 7 and c.
7
Suppose 0 = p - 5, -3*d - 3*p + 175 = 2*d. Let m be (13 - 1)/(24/d). Calculate the greatest common divisor of 64 and m.
16
Suppose 4*j = 2 + 6. Suppose -4*u - 2*k + 204 = 0, 6 = j*k - 2. Let y = -13 - -20. Calculate the greatest common divisor of y and u.
7
Let b = -11 - -30. Let g = -61 + 50. Let j = g + b. What is the greatest common factor of 72 and j?
8
Suppose -2*i = -i - 5*z - 25, 3*i = 3*z + 39. Suppose 3*m = -r + i, m + 3*r - 6 = 4*r. What is the greatest common divisor of m and 28?
4
Let l be 0/(-1) - (-530)/2. Let z = l - 133. Calculate the highest common factor of z and 12.
12
Let o = -374 - -256. Let h = o - -217. Suppose -18 + h = 3*u. What is the greatest common factor of u and 3?
3
Let v = -19 - -20. Calculate the highest common factor of v and 1.
1
Let f be (-1)/(-4)*4 - -3. What is the greatest common factor of f and 2?
2
Let f = -19 - -23. What is the greatest common factor of f and 2?
2
Let c be (8 - 2)*4/3. Let u = -11 - -83. Calculate the greatest common factor of c and u.
8
Let s be 164/28 + (-3)/(-21). Calculate the highest common factor of s and 6.
6
Let p = -21 + 26. Calculate the highest common factor of 55 and p.
5
Let j(l) = -l + 4. Let p be j(-5). Suppose -4*q = -3*b - 17, 4 + p = q + b. Let a(r) = 23*r + 1. Let h be a(1). Calculate the greatest common factor of h and q.
8
Let b = -31 - -139. Suppose u = -2*u + b. Suppose -2*m - u = -4*m. Calculate the greatest common divisor of 90 and m.
18
Suppose -51 + 0 = -3*r. What is the highest common divisor of r and 17?
17
Let k = 11 + 3. Let j = 12 - -142. Calculate the greatest common divisor of k and j.
14
Let i(w) = 3*w. Let h be i(1). Suppose -118 = -h*d + 47. Calculate the highest common divisor of 5 and d.
5
Suppose -5*y + 2*s - 50 = 0, 0 = 2*y + 4*s - 6 + 2. Let g(w) = -3*w - 20. Let t be g(y). Calculate the greatest common factor of 1 and t.
1
Let z(w) = -2*w**2 - 7*w + 6. Let g be z(-8). Let j be 6/(-9)*g/4. Let b = -51 - -106. Calculate the greatest common divisor of b and j.
11
Let z be ((-3)/(-9))/((-73)/(-36) - 2). What is the greatest common divisor of z and 84?
12
Let z be 42/8 - 60/(-80). What is the greatest common divisor of z and 12?
6
Suppose 3*x + 31 = 4. Let t be 368/36 + 2/x. What is the greatest common factor of t and 2?
2
Let b(f) = -f**3 - 16*f**2 - 14*f + 23. Let h be b(-15). Calculate the greatest common divisor of h and 72.
8
Suppose -5*b - 22 = -7. Let c(f) = -f**3 - 2*f**2 - 4*f + 1. Let u be c(b). Calculate the highest common factor of u and 198.
22
Let q(i) = -3*i - 5. Let h be q(-15). Calculate the greates